{"id":1376,"date":"2014-01-13T01:41:33","date_gmt":"2014-01-12T23:41:33","guid":{"rendered":"http:\/\/www.ffw-lauenstein.de\/?page_id=1376"},"modified":"2024-01-11T12:44:39","modified_gmt":"2024-01-11T10:44:39","slug":"foerderverein-der-freiwilligen-feuerwehr-lauenstein-e-v","status":"publish","type":"page","link":"https:\/\/www.ffw-lauenstein.de\/?page_id=1376","title":{"rendered":"F\u00f6rderverein"},"content":{"rendered":"<p>Auf Empfehlung des Landesfeuerwehrverbandes Niedersachsen hat das Kommando der Freiwilligen Feuerwehr Lauenstein &#8211; vor allem aus rechtlichen Gr\u00fcnden &#8211; am 16.07.2013 den&nbsp;<strong>F\u00f6rderverein der Freiwilligen Feuerwehr Lauenstein e.V. &nbsp;<\/strong>gegr\u00fcndet.<\/p>\n<p>S\u00e4mtliche Mitglieder der Freiwilligen Feuerwehr Lauenstein (kurz FFW) k\u00f6nnen bzw. sollten (nach unserem Wunsch) Mitglieder dieses F\u00f6rdervereins werden. Gleichzeitig bleiben sie auch Mitglieder der FFW.<\/p>\n<p>Der j\u00e4hrliche Mitgliedsbeitrag wird dann an den F\u00f6rderverein entrichtet (kein Doppelbeitrag).<\/p>\n<p>Anbei findet Ihr hierzu die g\u00fcltige Satzung und das Beitrittsformular (als PDF-Datei).<\/p>\n<p>Wenn Ihr dem F\u00f6rderverein beitreten m\u00f6chtet, dann gebt dieses Formular bitte ausgef\u00fcllt beim Ortsbrandmeister Hubert Brock oder seinem Stellvertreter, Jens Brock, ab. Solltet Ihr noch Fragen rund um den F\u00f6rderverein haben, so k\u00f6nnt Ihr Euch ebenfalls an Hubert Brock oder Jens Brock wenden.<\/p>\n<p><a href=\"https:\/\/ffw-lauenstein.de\/wp-content\/uploads\/2014\/01\/F\u00f6rderverein_Satzung.pdf\">F\u00f6rderverein_Satzung<\/a><\/p>\n<p><a href=\"https:\/\/www.ffw-lauenstein.de\/?attachment_id=4802\" rel=\"attachment wp-att-4802\">F\u00f6rderverein_Eintrittserkl\u00e4rung_SEPA_Neu<\/a><\/p>\n<p><a href=\"https:\/\/www.ffw-lauenstein.de\/?attachment_id=4817\" rel=\"attachment wp-att-4817\">F\u00f6rderverein_Datenschutz-Hinweis<\/a><\/p>\n","protected":false},"excerpt":{"rendered":"<p>Auf Empfehlung des Landesfeuerwehrverbandes Niedersachsen hat das Kommando der Freiwilligen Feuerwehr Lauenstein &#8211; vor allem aus rechtlichen Gr\u00fcnden &#8211; am 16.07.2013 den&nbsp;F\u00f6rderverein der Freiwilligen Feuerwehr Lauenstein e.V. &nbsp;gegr\u00fcndet. S\u00e4mtliche Mitglieder &hellip; <a href=\"https:\/\/www.ffw-lauenstein.de\/?page_id=1376\" class=\"more-link\"><span class=\"screen-reader-text\">\u201eF\u00f6rderverein\u201c <\/span>weiterlesen<\/a><\/p>\n","protected":false},"author":3,"featured_media":0,"parent":0,"menu_order":0,"comment_status":"closed","ping_status":"open","template":"","meta":{"ngg_post_thumbnail":0,"footnotes":""},"class_list":["post-1376","page","type-page","status-publish","hentry"],"_links":{"self":[{"href":"https:\/\/www.ffw-lauenstein.de\/index.php?rest_route=\/wp\/v2\/pages\/1376","targetHints":{"allow":["GET"]}}],"collection":[{"href":"https:\/\/www.ffw-lauenstein.de\/index.php?rest_route=\/wp\/v2\/pages"}],"about":[{"href":"https:\/\/www.ffw-lauenstein.de\/index.php?rest_route=\/wp\/v2\/types\/page"}],"author":[{"embeddable":true,"href":"https:\/\/www.ffw-lauenstein.de\/index.php?rest_route=\/wp\/v2\/users\/3"}],"replies":[{"embeddable":true,"href":"https:\/\/www.ffw-lauenstein.de\/index.php?rest_route=%2Fwp%2Fv2%2Fcomments&post=1376"}],"version-history":[{"count":12,"href":"https:\/\/www.ffw-lauenstein.de\/index.php?rest_route=\/wp\/v2\/pages\/1376\/revisions"}],"predecessor-version":[{"id":4818,"href":"https:\/\/www.ffw-lauenstein.de\/index.php?rest_route=\/wp\/v2\/pages\/1376\/revisions\/4818"}],"wp:attachment":[{"href":"https:\/\/www.ffw-lauenstein.de\/index.php?rest_route=%2Fwp%2Fv2%2Fmedia&parent=1376"}],"curies":[{"name":"wp","href":"https:\/\/api.w.org\/{rel}","templated":true}]}}

Förderverein

<p>Auf Empfehlung des Landesfeuerwehrverbandes Niedersachsen hat das Kommando der Freiwilligen Feuerwehr Lauenstein &#8211; vor allem aus rechtlichen Gründen &#8211; am 16.07.2013 den&nbsp;<strong>Förderverein der Freiwilligen Feuerwehr Lauenstein e.V. &nbsp;</strong>gegründet.</p>
<p>Sämtliche Mitglieder der Freiwilligen Feuerwehr Lauenstein (kurz FFW) können bzw. sollten (nach unserem Wunsch) Mitglieder dieses Fördervereins werden. Gleichzeitig bleiben sie auch Mitglieder der FFW.</p>
<p>Der jährliche Mitgliedsbeitrag wird dann an den Förderverein entrichtet (kein Doppelbeitrag).</p>
<p>Anbei findet Ihr hierzu die gültige Satzung und das Beitrittsformular (als PDF-Datei).</p>
<p>Wenn Ihr dem Förderverein beitreten möchtet, dann gebt dieses Formular bitte ausgefüllt beim Ortsbrandmeister Hubert Brock oder seinem Stellvertreter, Jens Brock, ab. Solltet Ihr noch Fragen rund um den Förderverein haben, so könnt Ihr Euch ebenfalls an Hubert Brock oder Jens Brock wenden.</p>
<p><a href="https://ffw-lauenstein.de/wp-content/uploads/2014/01/Förderverein_Satzung.pdf">Förderverein_Satzung</a></p>
<p><a href="https://www.ffw-lauenstein.de/?attachment_id=4802" rel="attachment wp-att-4802">Förderverein_Eintrittserklärung_SEPA_Neu</a></p>
<p><a href="https://www.ffw-lauenstein.de/?attachment_id=4817" rel="attachment wp-att-4817">Förderverein_Datenschutz-Hinweis</a></p>

<p>Auf Empfehlung des Landesfeuerwehrverbandes Niedersachsen hat das Kommando der Freiwilligen Feuerwehr Lauenstein &#8211; vor allem aus rechtlichen Gründen &#8211; am 16.07.2013 den&nbsp;Förderverein der Freiwilligen Feuerwehr Lauenstein e.V. &nbsp;gegründet. Sämtliche Mitglieder &hellip; <a href="https://www.ffw-lauenstein.de/?page_id=1376" class="more-link"><span class="screen-reader-text">„Förderverein“ </span>weiterlesen</a></p>
