{"id":39,"date":"2012-09-16T19:53:59","date_gmt":"2012-09-16T17:53:59","guid":{"rendered":"http:\/\/www.ffw-lauenstein.de\/?page_id=39"},"modified":"2025-05-20T06:51:10","modified_gmt":"2025-05-20T04:51:10","slug":"fotogalerie","status":"publish","type":"page","link":"https:\/\/www.ffw-lauenstein.de\/?page_id=39","title":{"rendered":"Messgruppe"},"content":{"rendered":"<p>Als Anfang der 80er Jahre das Kernkraftwerk in Grohnde gebaut wurde, veranlasste der Landkreis Hameln-Pyrmont entsprechende Schutzma\u00dfnahmen und bildete unter anderem den Feuerwehr-Katastrophenschutz.<\/p>\n<p>Hierbei wurden 1983 auch vier Strahlensp\u00fcr- und Messtrupps in den Ortswehren Flegessen, Hagen, Rumbeck und Lauenstein gegr\u00fcndet und mit speziellen Messfahrzeugen ausgestattet.<\/p>\n<p>Die Leitung des Messtrupps Lauenstein \u00fcbernahm Walter Steinbr\u00fcck. Er war bis Dezember 2004 Gruppenf\u00fchrer.<\/p>\n<p>Ein Mal pro Monat werden an verschiedenen Punkten im Landkreis Hameln-Pyrmont und Umgebung vorsorgliche Luftkontrollmessungen vorgenommen. Hinzu kommt ein monatlicher, gemeinsamer \u00dcbungs- und Ausbildungsdienst mit den anderen drei Messtrupps.<\/p>\n<p>Seit etwa 10 Jahren werden die Messtrupps bei Gro\u00dfbr\u00e4nden und Gasaustritten zur Schadstoffmessung alarmiert.<br \/>\nDer Messtrupp Lauenstein r\u00fcckte in der Vergangenheit zu folgenden Eins\u00e4tzen aus:<\/p>\n<ul>\n<li><u>29.12.1999:<\/u>&nbsp;&nbsp;&nbsp;&nbsp;&nbsp;&nbsp; Schuppenbrand in Coppenbr\u00fcgge<\/li>\n<li><u>29.01.2000:<\/u>&nbsp;&nbsp;&nbsp;&nbsp;&nbsp;&nbsp;Wohnhausbrand in Marienau<\/li>\n<li><u>11.04.2000:<\/u>&nbsp;&nbsp;&nbsp;&nbsp;&nbsp;&nbsp;Chlorgasunfall im Hallenbad Salzhemmendorf<\/li>\n<li><u>19.01.2001:<\/u> &nbsp;&nbsp;&nbsp;&nbsp;&nbsp; Scheunenbrand in Behrensen<\/li>\n<li><u>09.09.2002:<\/u>&nbsp;&nbsp;&nbsp;&nbsp;&nbsp;G\u00fcterzugungl\u00fcck in Bad M\u00fcnder<\/li>\n<li><u>09.09.2003:<\/u>&nbsp;&nbsp;&nbsp;&nbsp;&nbsp;Explosion eines Gastanks&nbsp; in Ockensen<\/li>\n<li><u>06.10.2003:<\/u>&nbsp;&nbsp;&nbsp;&nbsp;&nbsp;&nbsp;Brand in der Grundschule Wallensen<\/li>\n<li><u>28.05.2004:<\/u>&nbsp;&nbsp;&nbsp;&nbsp;&nbsp;&nbsp;Undichter Gastank in Salzhemmendorf<\/li>\n<li><u>07.09.2005:<\/u>&nbsp;&nbsp;&nbsp;&nbsp;&nbsp;&nbsp;Wohnhausbrand in Lauenstein (Ringstra\u00dfe)<\/li>\n<li><u>20.09.2006:<\/u>&nbsp;&nbsp;&nbsp;&nbsp;&nbsp;&nbsp;Brand einer Halle in Eimbeckhausen<\/li>\n<li><u>08.09.2007:<\/u>&nbsp;&nbsp;&nbsp;&nbsp;&nbsp;&nbsp;Personensuche in Elze<\/li>\n<li><u>21.01.2009:<\/u>&nbsp;&nbsp;&nbsp;&nbsp;&nbsp;&nbsp; Wohnhausbrand in Oldendorf<\/li>\n<li><u>24.08.2015:<\/u> &nbsp;&nbsp;&nbsp;&nbsp;&nbsp; Lagerhallenbrand in Bad M\u00fcnder<\/li>\n<li><u>13.09.2015:<\/u> &nbsp;&nbsp;&nbsp;&nbsp;&nbsp;&nbsp; Lagerhallenbrand in Barntrup<\/li>\n<li><span style=\"text-decoration: underline;\">22.04.2017:<\/span> &nbsp;&nbsp;&nbsp;&nbsp;&nbsp;&nbsp;Trafobrand in Salzhemmendorf<\/li>\n<li><span style=\"text-decoration: underline;\">22.01.2019:<\/span>&nbsp;&nbsp;&nbsp;&nbsp;&nbsp;&nbsp; Undichter Gastank Neersen<\/li>\n<li><span style=\"text-decoration: underline;\">04.10.2020:<\/span>&nbsp; &nbsp; &nbsp; Undichtes Fass mit unbestimmten Stoff<\/li>\n<li><span style=\"text-decoration: underline;\">05.08.2022:<\/span> &nbsp; &nbsp; &nbsp;Gasgeruch im Wohnhaus in Wallensen<\/li>\n<li><span style=\"text-decoration: underline;\">17.03.2023:<\/span>&nbsp; &nbsp; &nbsp; &nbsp;Gasgeruch im Wohnhaus in Osterwald<\/li>\n<li><span style=\"text-decoration: underline;\">24.03.2025:<\/span>&nbsp; &nbsp; &nbsp; ABC3 Gefahrstoff ausgetreten in Bad M\u00fcnder<\/li>\n<li>19.05.2025:&nbsp; &nbsp; &nbsp; ABC2 CO2 Flasche ausstr\u00f6mendes Gas<\/li>\n<\/ul>\n<p>Geleitet wird die Gruppe von Gruppenf\u00fchrerin Alina Cichy und Ihrem Stellvertreter Kai Wendlandt.<a href=\"https:\/\/www.ffw-lauenstein.de\/?attachment_id=4858\" rel=\"attachment wp-att-4858\"><img loading=\"lazy\" decoding=\"async\" class=\"aligncenter wp-image-4858 size-medium\" src=\"https:\/\/www.ffw-lauenstein.de\/wp-content\/uploads\/2024\/02\/R6-II-08825-scaled-e1708977183587-850x478.jpg\" alt=\"\" width=\"850\" height=\"478\" srcset=\"https:\/\/www.ffw-lauenstein.de\/wp-content\/uploads\/2024\/02\/R6-II-08825-scaled-e1708977183587-850x478.jpg 850w, https:\/\/www.ffw-lauenstein.de\/wp-content\/uploads\/2024\/02\/R6-II-08825-scaled-e1708977183587-1200x675.jpg 1200w, https:\/\/www.ffw-lauenstein.de\/wp-content\/uploads\/2024\/02\/R6-II-08825-scaled-e1708977183587-250x141.jpg 250w\" sizes=\"auto, (max-width: 709px) 85vw, (max-width: 909px) 67vw, (max-width: 1362px) 62vw, 840px\" \/><\/a><\/p>\n<p>&nbsp;<\/p>\n","protected":false},"excerpt":{"rendered":"<p>Als Anfang der 80er Jahre das Kernkraftwerk in Grohnde gebaut wurde, veranlasste der Landkreis Hameln-Pyrmont entsprechende Schutzma\u00dfnahmen und bildete unter anderem den Feuerwehr-Katastrophenschutz. Hierbei wurden 1983 auch vier Strahlensp\u00fcr- und &hellip; <a href=\"https:\/\/www.ffw-lauenstein.de\/?page_id=39\" class=\"more-link\"><span class=\"screen-reader-text\">\u201eMessgruppe\u201c <\/span>weiterlesen<\/a><\/p>\n","protected":false},"author":2,"featured_media":0,"parent":85,"menu_order":10,"comment_status":"closed","ping_status":"closed","template":"","meta":{"ngg_post_thumbnail":0,"footnotes":""},"class_list":["post-39","page","type-page","status-publish","hentry"],"_links":{"self":[{"href":"https:\/\/www.ffw-lauenstein.de\/index.php?rest_route=\/wp\/v2\/pages\/39","targetHints":{"allow":["GET"]}}],"collection":[{"href":"https:\/\/www.ffw-lauenstein.de\/index.php?rest_route=\/wp\/v2\/pages"}],"about":[{"href":"https:\/\/www.ffw-lauenstein.de\/index.php?rest_route=\/wp\/v2\/types\/page"}],"author":[{"embeddable":true,"href":"https:\/\/www.ffw-lauenstein.de\/index.php?rest_route=\/wp\/v2\/users\/2"}],"replies":[{"embeddable":true,"href":"https:\/\/www.ffw-lauenstein.de\/index.php?rest_route=%2Fwp%2Fv2%2Fcomments&post=39"}],"version-history":[{"count":28,"href":"https:\/\/www.ffw-lauenstein.de\/index.php?rest_route=\/wp\/v2\/pages\/39\/revisions"}],"predecessor-version":[{"id":5207,"href":"https:\/\/www.ffw-lauenstein.de\/index.php?rest_route=\/wp\/v2\/pages\/39\/revisions\/5207"}],"up":[{"embeddable":true,"href":"https:\/\/www.ffw-lauenstein.de\/index.php?rest_route=\/wp\/v2\/pages\/85"}],"wp:attachment":[{"href":"https:\/\/www.ffw-lauenstein.de\/index.php?rest_route=%2Fwp%2Fv2%2Fmedia&parent=39"}],"curies":[{"name":"wp","href":"https:\/\/api.w.org\/{rel}","templated":true}]}}

<p>Als Anfang der 80er Jahre das Kernkraftwerk in Grohnde gebaut wurde, veranlasste der Landkreis Hameln-Pyrmont entsprechende Schutzmaßnahmen und bildete unter anderem den Feuerwehr-Katastrophenschutz.</p>
<p>Hierbei wurden 1983 auch vier Strahlenspür- und Messtrupps in den Ortswehren Flegessen, Hagen, Rumbeck und Lauenstein gegründet und mit speziellen Messfahrzeugen ausgestattet.</p>
<p>Die Leitung des Messtrupps Lauenstein übernahm Walter Steinbrück. Er war bis Dezember 2004 Gruppenführer.</p>
<p>Ein Mal pro Monat werden an verschiedenen Punkten im Landkreis Hameln-Pyrmont und Umgebung vorsorgliche Luftkontrollmessungen vorgenommen. Hinzu kommt ein monatlicher, gemeinsamer Übungs- und Ausbildungsdienst mit den anderen drei Messtrupps.</p>
<p>Seit etwa 10 Jahren werden die Messtrupps bei Großbränden und Gasaustritten zur Schadstoffmessung alarmiert.<br />
Der Messtrupp Lauenstein rückte in der Vergangenheit zu folgenden Einsätzen aus:</p>
<ul>
<li><u>29.12.1999:</u>&nbsp;&nbsp;&nbsp;&nbsp;&nbsp;&nbsp; Schuppenbrand in Coppenbrügge</li>
<li><u>29.01.2000:</u>&nbsp;&nbsp;&nbsp;&nbsp;&nbsp;&nbsp;Wohnhausbrand in Marienau</li>
<li><u>11.04.2000:</u>&nbsp;&nbsp;&nbsp;&nbsp;&nbsp;&nbsp;Chlorgasunfall im Hallenbad Salzhemmendorf</li>
<li><u>19.01.2001:</u> &nbsp;&nbsp;&nbsp;&nbsp;&nbsp; Scheunenbrand in Behrensen</li>
<li><u>09.09.2002:</u>&nbsp;&nbsp;&nbsp;&nbsp;&nbsp;Güterzugunglück in Bad Münder</li>
<li><u>09.09.2003:</u>&nbsp;&nbsp;&nbsp;&nbsp;&nbsp;Explosion eines Gastanks&nbsp; in Ockensen</li>
<li><u>06.10.2003:</u>&nbsp;&nbsp;&nbsp;&nbsp;&nbsp;&nbsp;Brand in der Grundschule Wallensen</li>
<li><u>28.05.2004:</u>&nbsp;&nbsp;&nbsp;&nbsp;&nbsp;&nbsp;Undichter Gastank in Salzhemmendorf</li>
<li><u>07.09.2005:</u>&nbsp;&nbsp;&nbsp;&nbsp;&nbsp;&nbsp;Wohnhausbrand in Lauenstein (Ringstraße)</li>
<li><u>20.09.2006:</u>&nbsp;&nbsp;&nbsp;&nbsp;&nbsp;&nbsp;Brand einer Halle in Eimbeckhausen</li>
<li><u>08.09.2007:</u>&nbsp;&nbsp;&nbsp;&nbsp;&nbsp;&nbsp;Personensuche in Elze</li>
<li><u>21.01.2009:</u>&nbsp;&nbsp;&nbsp;&nbsp;&nbsp;&nbsp; Wohnhausbrand in Oldendorf</li>
<li><u>24.08.2015:</u> &nbsp;&nbsp;&nbsp;&nbsp;&nbsp; Lagerhallenbrand in Bad Münder</li>
<li><u>13.09.2015:</u> &nbsp;&nbsp;&nbsp;&nbsp;&nbsp;&nbsp; Lagerhallenbrand in Barntrup</li>
<li><span style="text-decoration: underline;">22.04.2017:</span> &nbsp;&nbsp;&nbsp;&nbsp;&nbsp;&nbsp;Trafobrand in Salzhemmendorf</li>
<li><span style="text-decoration: underline;">22.01.2019:</span>&nbsp;&nbsp;&nbsp;&nbsp;&nbsp;&nbsp; Undichter Gastank Neersen</li>
<li><span style="text-decoration: underline;">04.10.2020:</span>&nbsp; &nbsp; &nbsp; Undichtes Fass mit unbestimmten Stoff</li>
<li><span style="text-decoration: underline;">05.08.2022:</span> &nbsp; &nbsp; &nbsp;Gasgeruch im Wohnhaus in Wallensen</li>
<li><span style="text-decoration: underline;">17.03.2023:</span>&nbsp; &nbsp; &nbsp; &nbsp;Gasgeruch im Wohnhaus in Osterwald</li>
<li><span style="text-decoration: underline;">24.03.2025:</span>&nbsp; &nbsp; &nbsp; ABC3 Gefahrstoff ausgetreten in Bad Münder</li>
<li>19.05.2025:&nbsp; &nbsp; &nbsp; ABC2 CO2 Flasche ausströmendes Gas</li>
</ul>
<p>Geleitet wird die Gruppe von Gruppenführerin Alina Cichy und Ihrem Stellvertreter Kai Wendlandt.<a href="https://www.ffw-lauenstein.de/?attachment_id=4858" rel="attachment wp-att-4858"><img loading="lazy" decoding="async" class="aligncenter wp-image-4858 size-medium" src="https://www.ffw-lauenstein.de/wp-content/uploads/2024/02/R6-II-08825-scaled-e1708977183587-850x478.jpg" alt="" width="850" height="478" srcset="https://www.ffw-lauenstein.de/wp-content/uploads/2024/02/R6-II-08825-scaled-e1708977183587-850x478.jpg 850w, https://www.ffw-lauenstein.de/wp-content/uploads/2024/02/R6-II-08825-scaled-e1708977183587-1200x675.jpg 1200w, https://www.ffw-lauenstein.de/wp-content/uploads/2024/02/R6-II-08825-scaled-e1708977183587-250x141.jpg 250w" sizes="auto, (max-width: 709px) 85vw, (max-width: 909px) 67vw, (max-width: 1362px) 62vw, 840px" /></a></p>
<p>&nbsp;</p>

<p>Als Anfang der 80er Jahre das Kernkraftwerk in Grohnde gebaut wurde, veranlasste der Landkreis Hameln-Pyrmont entsprechende Schutzmaßnahmen und bildete unter anderem den Feuerwehr-Katastrophenschutz. Hierbei wurden 1983 auch vier Strahlenspür- und &hellip; <a href="https://www.ffw-lauenstein.de/?page_id=39" class="more-link"><span class="screen-reader-text">„Messgruppe“ </span>weiterlesen</a></p>
