{"id":62,"date":"2012-09-17T06:41:58","date_gmt":"2012-09-17T04:41:58","guid":{"rendered":"http:\/\/www.ffw-lauenstein.de\/?page_id=62"},"modified":"2025-01-30T21:40:47","modified_gmt":"2025-01-30T19:40:47","slug":"fahrzeuge-technik","status":"publish","type":"page","link":"https:\/\/www.ffw-lauenstein.de\/?page_id=62","title":{"rendered":"Jugendfeuerwehr"},"content":{"rendered":"<p>Die Jugendfeuerwehr ist die Jugendabteilung der aktiven Feuerwehr. Sie besteht aus Jugendlichen im Alter von 10-16 Jahren.&nbsp;Die Jugendfeuerwehr Lauenstein wurde von Heinrich D\u00f6rpmund im Jahr 1966 gegr\u00fcndet.<\/p>\n<p>Einer der Schwerpunkte in der Jugendarbeit der Freiwilligen Feuerwehren&nbsp;liegt neben der feuerwehrtechnischen Aus- und Weiterbildung auch in der sozialen und demokratischen Erziehung. Zur feuerwehrtechnischen Ausbildung geh\u00f6rt unteranderem die Erste Hilfe, Ger\u00e4tekunde, Verhalten im Notfall und feuerwehrtechnische \u00dcbungen. In verschiedenen Wettbewerben und Veranstaltungen messen Sie sich mit anderen Jugendfeuerwehren. Allem voran ist der Spa\u00df und das Gruppengef\u00fchl das Wichtigste!<\/p>\n<p>Neben der feuerwehrtechnischen Ausbildung nimmt die Jugendfeuerwehr auch an anderen Aktionen teil. Diese sind zum Beispiel: Bo\u00dfel- und Schwimmtuniere, Nachtwanderungen, Spiel- und Spa\u00dfveranstaltungen&#8230; Verschiedene Fahrten zu unserer Partnerfeuerwehr oder Ausfl\u00fcge in den Heidepark werden auch unternommen. Highlights sind die beliebten Zeltlager.<\/p>\n<p>Ansprechpartner f\u00fcr die Jugendfeuerwehr sind Jugendfeuerwehrwartin Alina Cichy und Ihr Stellvertreter Mika Schuler, so wie der Betreuer Janes Hoffmann.<\/p>\n<p>Besucht uns auf Facebook: <a href=\"http:\/\/www.facebook.com\/jugendfeuerwehr.lauenstein\">http:\/\/www.facebook.com\/jugendfeuerwehr.lauenstein<\/a><\/p>\n<table>\n<tbody>\n<tr>\n<td width=\"254\"><strong>Zeitraum<\/strong><\/td>\n<td width=\"254\"><strong>Jugendwart<\/strong><\/td>\n<\/tr>\n<tr>\n<td width=\"254\">1966-1968<\/td>\n<td width=\"254\">Heinz Knost<\/td>\n<\/tr>\n<tr>\n<td width=\"254\">1968-1979<\/td>\n<td width=\"254\">Heinrich D\u00f6rpmund<\/td>\n<\/tr>\n<tr>\n<td width=\"254\">1979-1983<\/td>\n<td width=\"254\">Uwe Fahrenkamp<\/td>\n<\/tr>\n<tr>\n<td width=\"254\">1983-1989<\/td>\n<td width=\"254\">Hubert Brock<\/td>\n<\/tr>\n<tr>\n<td width=\"254\">1989-1992<\/td>\n<td width=\"254\">Henning Grobe<\/td>\n<\/tr>\n<tr>\n<td width=\"254\">1992-1993<\/td>\n<td width=\"254\">Kai Gro\u00dfmann<\/td>\n<\/tr>\n<tr>\n<td width=\"254\">1993-1996<\/td>\n<td width=\"254\">Michael Switek<\/td>\n<\/tr>\n<tr>\n<td width=\"254\">1996-2007<\/td>\n<td width=\"254\">Matthias Kutz<\/td>\n<\/tr>\n<tr>\n<td width=\"254\">2007-2014<\/td>\n<td width=\"254\">Daniel Jermis<\/td>\n<\/tr>\n<tr>\n<td width=\"254\">2014-2020<\/td>\n<td width=\"254\">Jens Brock<\/td>\n<\/tr>\n<tr>\n<td width=\"254\">2020-2025<\/td>\n<td width=\"254\">Lucas Ulbrich<\/td>\n<\/tr>\n<tr>\n<td width=\"254\">2025<\/td>\n<td width=\"254\">Alina Cichy<\/td>\n<\/tr>\n<\/tbody>\n<\/table>\n<p><a href=\"https:\/\/www.ffw-lauenstein.de\/?attachment_id=4854\" rel=\"attachment wp-att-4854\"><img loading=\"lazy\" decoding=\"async\" class=\"alignnone size-medium wp-image-4854\" src=\"https:\/\/www.ffw-lauenstein.de\/wp-content\/uploads\/2024\/02\/2024-Jugendfeuerwehr-850x478.png\" alt=\"\" width=\"850\" height=\"478\" srcset=\"https:\/\/www.ffw-lauenstein.de\/wp-content\/uploads\/2024\/02\/2024-Jugendfeuerwehr-850x478.png 850w, https:\/\/www.ffw-lauenstein.de\/wp-content\/uploads\/2024\/02\/2024-Jugendfeuerwehr-250x141.png 250w\" sizes=\"auto, (max-width: 709px) 85vw, (max-width: 909px) 67vw, (max-width: 1362px) 62vw, 840px\" \/><\/a><\/p>\n","protected":false},"excerpt":{"rendered":"<p>Die Jugendfeuerwehr ist die Jugendabteilung der aktiven Feuerwehr. Sie besteht aus Jugendlichen im Alter von 10-16 Jahren.&nbsp;Die Jugendfeuerwehr Lauenstein wurde von Heinrich D\u00f6rpmund im Jahr 1966 gegr\u00fcndet. Einer der Schwerpunkte &hellip; <a href=\"https:\/\/www.ffw-lauenstein.de\/?page_id=62\" class=\"more-link\"><span class=\"screen-reader-text\">\u201eJugendfeuerwehr\u201c <\/span>weiterlesen<\/a><\/p>\n","protected":false},"author":2,"featured_media":0,"parent":85,"menu_order":5,"comment_status":"closed","ping_status":"closed","template":"","meta":{"ngg_post_thumbnail":0,"footnotes":""},"class_list":["post-62","page","type-page","status-publish","hentry"],"_links":{"self":[{"href":"https:\/\/www.ffw-lauenstein.de\/index.php?rest_route=\/wp\/v2\/pages\/62","targetHints":{"allow":["GET"]}}],"collection":[{"href":"https:\/\/www.ffw-lauenstein.de\/index.php?rest_route=\/wp\/v2\/pages"}],"about":[{"href":"https:\/\/www.ffw-lauenstein.de\/index.php?rest_route=\/wp\/v2\/types\/page"}],"author":[{"embeddable":true,"href":"https:\/\/www.ffw-lauenstein.de\/index.php?rest_route=\/wp\/v2\/users\/2"}],"replies":[{"embeddable":true,"href":"https:\/\/www.ffw-lauenstein.de\/index.php?rest_route=%2Fwp%2Fv2%2Fcomments&post=62"}],"version-history":[{"count":25,"href":"https:\/\/www.ffw-lauenstein.de\/index.php?rest_route=\/wp\/v2\/pages\/62\/revisions"}],"predecessor-version":[{"id":5140,"href":"https:\/\/www.ffw-lauenstein.de\/index.php?rest_route=\/wp\/v2\/pages\/62\/revisions\/5140"}],"up":[{"embeddable":true,"href":"https:\/\/www.ffw-lauenstein.de\/index.php?rest_route=\/wp\/v2\/pages\/85"}],"wp:attachment":[{"href":"https:\/\/www.ffw-lauenstein.de\/index.php?rest_route=%2Fwp%2Fv2%2Fmedia&parent=62"}],"curies":[{"name":"wp","href":"https:\/\/api.w.org\/{rel}","templated":true}]}}

<p>Die Jugendfeuerwehr ist die Jugendabteilung der aktiven Feuerwehr. Sie besteht aus Jugendlichen im Alter von 10-16 Jahren.&nbsp;Die Jugendfeuerwehr Lauenstein wurde von Heinrich Dörpmund im Jahr 1966 gegründet.</p>
<p>Einer der Schwerpunkte in der Jugendarbeit der Freiwilligen Feuerwehren&nbsp;liegt neben der feuerwehrtechnischen Aus- und Weiterbildung auch in der sozialen und demokratischen Erziehung. Zur feuerwehrtechnischen Ausbildung gehört unteranderem die Erste Hilfe, Gerätekunde, Verhalten im Notfall und feuerwehrtechnische Übungen. In verschiedenen Wettbewerben und Veranstaltungen messen Sie sich mit anderen Jugendfeuerwehren. Allem voran ist der Spaß und das Gruppengefühl das Wichtigste!</p>
<p>Neben der feuerwehrtechnischen Ausbildung nimmt die Jugendfeuerwehr auch an anderen Aktionen teil. Diese sind zum Beispiel: Boßel- und Schwimmtuniere, Nachtwanderungen, Spiel- und Spaßveranstaltungen&#8230; Verschiedene Fahrten zu unserer Partnerfeuerwehr oder Ausflüge in den Heidepark werden auch unternommen. Highlights sind die beliebten Zeltlager.</p>
<p>Ansprechpartner für die Jugendfeuerwehr sind Jugendfeuerwehrwartin Alina Cichy und Ihr Stellvertreter Mika Schuler, so wie der Betreuer Janes Hoffmann.</p>
<p>Besucht uns auf Facebook: <a href="http://www.facebook.com/jugendfeuerwehr.lauenstein">http://www.facebook.com/jugendfeuerwehr.lauenstein</a></p>
<table>
<tbody>
<tr>
<td width="254"><strong>Zeitraum</strong></td>
<td width="254"><strong>Jugendwart</strong></td>
</tr>
<tr>
<td width="254">1966-1968</td>
<td width="254">Heinz Knost</td>
</tr>
<tr>
<td width="254">1968-1979</td>
<td width="254">Heinrich Dörpmund</td>
</tr>
<tr>
<td width="254">1979-1983</td>
<td width="254">Uwe Fahrenkamp</td>
</tr>
<tr>
<td width="254">1983-1989</td>
<td width="254">Hubert Brock</td>
</tr>
<tr>
<td width="254">1989-1992</td>
<td width="254">Henning Grobe</td>
</tr>
<tr>
<td width="254">1992-1993</td>
<td width="254">Kai Großmann</td>
</tr>
<tr>
<td width="254">1993-1996</td>
<td width="254">Michael Switek</td>
</tr>
<tr>
<td width="254">1996-2007</td>
<td width="254">Matthias Kutz</td>
</tr>
<tr>
<td width="254">2007-2014</td>
<td width="254">Daniel Jermis</td>
</tr>
<tr>
<td width="254">2014-2020</td>
<td width="254">Jens Brock</td>
</tr>
<tr>
<td width="254">2020-2025</td>
<td width="254">Lucas Ulbrich</td>
</tr>
<tr>
<td width="254">2025</td>
<td width="254">Alina Cichy</td>
</tr>
</tbody>
</table>
<p><a href="https://www.ffw-lauenstein.de/?attachment_id=4854" rel="attachment wp-att-4854"><img loading="lazy" decoding="async" class="alignnone size-medium wp-image-4854" src="https://www.ffw-lauenstein.de/wp-content/uploads/2024/02/2024-Jugendfeuerwehr-850x478.png" alt="" width="850" height="478" srcset="https://www.ffw-lauenstein.de/wp-content/uploads/2024/02/2024-Jugendfeuerwehr-850x478.png 850w, https://www.ffw-lauenstein.de/wp-content/uploads/2024/02/2024-Jugendfeuerwehr-250x141.png 250w" sizes="auto, (max-width: 709px) 85vw, (max-width: 909px) 67vw, (max-width: 1362px) 62vw, 840px" /></a></p>

<p>Die Jugendfeuerwehr ist die Jugendabteilung der aktiven Feuerwehr. Sie besteht aus Jugendlichen im Alter von 10-16 Jahren.&nbsp;Die Jugendfeuerwehr Lauenstein wurde von Heinrich Dörpmund im Jahr 1966 gegründet. Einer der Schwerpunkte &hellip; <a href="https://www.ffw-lauenstein.de/?page_id=62" class="more-link"><span class="screen-reader-text">„Jugendfeuerwehr“ </span>weiterlesen</a></p>
