{"id":735,"date":"2013-01-31T18:56:18","date_gmt":"2013-01-31T16:56:18","guid":{"rendered":"http:\/\/www.ffw-lauenstein.de\/?page_id=735"},"modified":"2025-12-04T11:40:01","modified_gmt":"2025-12-04T09:40:01","slug":"atemschutz","status":"publish","type":"page","link":"https:\/\/www.ffw-lauenstein.de\/?page_id=735","title":{"rendered":"Atemschutz"},"content":{"rendered":"<p>Leiter Atemschutz: Bernd Hoffmann<\/p>\n<p>Die Termine f\u00fcr die Leistungs\u00fcberpr\u00fcfung in der&nbsp;Atemschutzstrecke der FTZ Kirchohsen:<\/p>\n<p>13.02.2026 Treffen 18:15 Uhr FFW Haus Lauenstein Beginn 19:00 Uhr<\/p>\n<p>11.05.2026 Treffen 18:15 Uhr FFW Haus Lauenstein Beginn 19:00 Uhr<\/p>\n<p>12.08.2026 Treffen 18:15 Uhr FFW Haus Lauenstein Beginn 19:00 Uhr<\/p>\n<p>30.11.2026 Treffen 18:15 Uhr FFW Haus Lauenstein Beginn 19:00 Uhr<\/p>\n<p>25.04.2026 Gemeindeatemschutzdienst<\/p>\n<p>05.09.2026 Gemeindeatemschutzdienst<\/p>\n","protected":false},"excerpt":{"rendered":"<p>Leiter Atemschutz: Bernd Hoffmann Die Termine f\u00fcr die Leistungs\u00fcberpr\u00fcfung in der&nbsp;Atemschutzstrecke der FTZ Kirchohsen: 13.02.2026 Treffen 18:15 Uhr FFW Haus Lauenstein Beginn 19:00 Uhr 11.05.2026 Treffen 18:15 Uhr FFW Haus &hellip; <a href=\"https:\/\/www.ffw-lauenstein.de\/?page_id=735\" class=\"more-link\"><span class=\"screen-reader-text\">\u201eAtemschutz\u201c <\/span>weiterlesen<\/a><\/p>\n","protected":false},"author":3,"featured_media":0,"parent":9,"menu_order":0,"comment_status":"closed","ping_status":"open","template":"","meta":{"ngg_post_thumbnail":0,"footnotes":""},"class_list":["post-735","page","type-page","status-publish","hentry"],"_links":{"self":[{"href":"https:\/\/www.ffw-lauenstein.de\/index.php?rest_route=\/wp\/v2\/pages\/735","targetHints":{"allow":["GET"]}}],"collection":[{"href":"https:\/\/www.ffw-lauenstein.de\/index.php?rest_route=\/wp\/v2\/pages"}],"about":[{"href":"https:\/\/www.ffw-lauenstein.de\/index.php?rest_route=\/wp\/v2\/types\/page"}],"author":[{"embeddable":true,"href":"https:\/\/www.ffw-lauenstein.de\/index.php?rest_route=\/wp\/v2\/users\/3"}],"replies":[{"embeddable":true,"href":"https:\/\/www.ffw-lauenstein.de\/index.php?rest_route=%2Fwp%2Fv2%2Fcomments&post=735"}],"version-history":[{"count":33,"href":"https:\/\/www.ffw-lauenstein.de\/index.php?rest_route=\/wp\/v2\/pages\/735\/revisions"}],"predecessor-version":[{"id":5309,"href":"https:\/\/www.ffw-lauenstein.de\/index.php?rest_route=\/wp\/v2\/pages\/735\/revisions\/5309"}],"up":[{"embeddable":true,"href":"https:\/\/www.ffw-lauenstein.de\/index.php?rest_route=\/wp\/v2\/pages\/9"}],"wp:attachment":[{"href":"https:\/\/www.ffw-lauenstein.de\/index.php?rest_route=%2Fwp%2Fv2%2Fmedia&parent=735"}],"curies":[{"name":"wp","href":"https:\/\/api.w.org\/{rel}","templated":true}]}}

<p>Leiter Atemschutz: Bernd Hoffmann</p>
<p>Die Termine für die Leistungsüberprüfung in der&nbsp;Atemschutzstrecke der FTZ Kirchohsen:</p>
<p>13.02.2026 Treffen 18:15 Uhr FFW Haus Lauenstein Beginn 19:00 Uhr</p>
<p>11.05.2026 Treffen 18:15 Uhr FFW Haus Lauenstein Beginn 19:00 Uhr</p>
<p>12.08.2026 Treffen 18:15 Uhr FFW Haus Lauenstein Beginn 19:00 Uhr</p>
<p>30.11.2026 Treffen 18:15 Uhr FFW Haus Lauenstein Beginn 19:00 Uhr</p>
<p>25.04.2026 Gemeindeatemschutzdienst</p>
<p>05.09.2026 Gemeindeatemschutzdienst</p>

<p>Leiter Atemschutz: Bernd Hoffmann Die Termine für die Leistungsüberprüfung in der&nbsp;Atemschutzstrecke der FTZ Kirchohsen: 13.02.2026 Treffen 18:15 Uhr FFW Haus Lauenstein Beginn 19:00 Uhr 11.05.2026 Treffen 18:15 Uhr FFW Haus &hellip; <a href="https://www.ffw-lauenstein.de/?page_id=735" class="more-link"><span class="screen-reader-text">„Atemschutz“ </span>weiterlesen</a></p>
