{"id":9,"date":"2012-09-16T19:34:21","date_gmt":"2012-09-16T17:34:21","guid":{"rendered":"http:\/\/www.ffw-lauenstein.de\/?page_id=9"},"modified":"2025-01-30T21:42:35","modified_gmt":"2025-01-30T19:42:35","slug":"aktive-mitglieder","status":"publish","type":"page","link":"https:\/\/www.ffw-lauenstein.de\/?page_id=9","title":{"rendered":"Einsatzabteilung"},"content":{"rendered":"<p>Zur Zeit geh\u00f6ren 39 aktive Kameradinnen und Kameraden zu unserer Einsatzabteilung, die von Ortbrandmeister Jens Brock und seinem Stellvertreter J\u00f6rn Cyperski geleitet wird.<\/p>\n<p>Durch regelm\u00e4\u00dfige Dienste und \u00dcbungen versuchen die Aktiven ihr Bestes, um f\u00fcr den Ernstfall gewappnet zu sein.<\/p>\n<p>&nbsp;<\/p>\n<p><a href=\"https:\/\/www.ffw-lauenstein.de\/?attachment_id=4861\" rel=\"attachment wp-att-4861\"><img loading=\"lazy\" decoding=\"async\" class=\"alignnone size-medium wp-image-4861\" src=\"https:\/\/www.ffw-lauenstein.de\/wp-content\/uploads\/2024\/02\/R6-II-08933-850x478.jpg\" alt=\"\" width=\"850\" height=\"478\" srcset=\"https:\/\/www.ffw-lauenstein.de\/wp-content\/uploads\/2024\/02\/R6-II-08933-850x478.jpg 850w, https:\/\/www.ffw-lauenstein.de\/wp-content\/uploads\/2024\/02\/R6-II-08933-1200x675.jpg 1200w, https:\/\/www.ffw-lauenstein.de\/wp-content\/uploads\/2024\/02\/R6-II-08933-250x141.jpg 250w\" sizes=\"auto, (max-width: 709px) 85vw, (max-width: 909px) 67vw, (max-width: 1362px) 62vw, 840px\" \/><\/a><\/p>\n","protected":false},"excerpt":{"rendered":"<p>Zur Zeit geh\u00f6ren 39 aktive Kameradinnen und Kameraden zu unserer Einsatzabteilung, die von Ortbrandmeister Jens Brock und seinem Stellvertreter J\u00f6rn Cyperski geleitet wird. Durch regelm\u00e4\u00dfige Dienste und \u00dcbungen versuchen die &hellip; <a href=\"https:\/\/www.ffw-lauenstein.de\/?page_id=9\" class=\"more-link\"><span class=\"screen-reader-text\">\u201eEinsatzabteilung\u201c <\/span>weiterlesen<\/a><\/p>\n","protected":false},"author":2,"featured_media":0,"parent":85,"menu_order":10,"comment_status":"closed","ping_status":"closed","template":"","meta":{"ngg_post_thumbnail":0,"footnotes":""},"class_list":["post-9","page","type-page","status-publish","hentry"],"_links":{"self":[{"href":"https:\/\/www.ffw-lauenstein.de\/index.php?rest_route=\/wp\/v2\/pages\/9","targetHints":{"allow":["GET"]}}],"collection":[{"href":"https:\/\/www.ffw-lauenstein.de\/index.php?rest_route=\/wp\/v2\/pages"}],"about":[{"href":"https:\/\/www.ffw-lauenstein.de\/index.php?rest_route=\/wp\/v2\/types\/page"}],"author":[{"embeddable":true,"href":"https:\/\/www.ffw-lauenstein.de\/index.php?rest_route=\/wp\/v2\/users\/2"}],"replies":[{"embeddable":true,"href":"https:\/\/www.ffw-lauenstein.de\/index.php?rest_route=%2Fwp%2Fv2%2Fcomments&post=9"}],"version-history":[{"count":16,"href":"https:\/\/www.ffw-lauenstein.de\/index.php?rest_route=\/wp\/v2\/pages\/9\/revisions"}],"predecessor-version":[{"id":5143,"href":"https:\/\/www.ffw-lauenstein.de\/index.php?rest_route=\/wp\/v2\/pages\/9\/revisions\/5143"}],"up":[{"embeddable":true,"href":"https:\/\/www.ffw-lauenstein.de\/index.php?rest_route=\/wp\/v2\/pages\/85"}],"wp:attachment":[{"href":"https:\/\/www.ffw-lauenstein.de\/index.php?rest_route=%2Fwp%2Fv2%2Fmedia&parent=9"}],"curies":[{"name":"wp","href":"https:\/\/api.w.org\/{rel}","templated":true}]}}

<p>Zur Zeit gehören 39 aktive Kameradinnen und Kameraden zu unserer Einsatzabteilung, die von Ortbrandmeister Jens Brock und seinem Stellvertreter Jörn Cyperski geleitet wird.</p>
<p>Durch regelmäßige Dienste und Übungen versuchen die Aktiven ihr Bestes, um für den Ernstfall gewappnet zu sein.</p>
<p>&nbsp;</p>
<p><a href="https://www.ffw-lauenstein.de/?attachment_id=4861" rel="attachment wp-att-4861"><img loading="lazy" decoding="async" class="alignnone size-medium wp-image-4861" src="https://www.ffw-lauenstein.de/wp-content/uploads/2024/02/R6-II-08933-850x478.jpg" alt="" width="850" height="478" srcset="https://www.ffw-lauenstein.de/wp-content/uploads/2024/02/R6-II-08933-850x478.jpg 850w, https://www.ffw-lauenstein.de/wp-content/uploads/2024/02/R6-II-08933-1200x675.jpg 1200w, https://www.ffw-lauenstein.de/wp-content/uploads/2024/02/R6-II-08933-250x141.jpg 250w" sizes="auto, (max-width: 709px) 85vw, (max-width: 909px) 67vw, (max-width: 1362px) 62vw, 840px" /></a></p>

<p>Zur Zeit gehören 39 aktive Kameradinnen und Kameraden zu unserer Einsatzabteilung, die von Ortbrandmeister Jens Brock und seinem Stellvertreter Jörn Cyperski geleitet wird. Durch regelmäßige Dienste und Übungen versuchen die &hellip; <a href="https://www.ffw-lauenstein.de/?page_id=9" class="more-link"><span class="screen-reader-text">„Einsatzabteilung“ </span>weiterlesen</a></p>
