{"id":5307,"date":"2025-11-29T17:16:32","date_gmt":"2025-11-29T15:16:32","guid":{"rendered":"https:\/\/www.ffw-lauenstein.de\/?post_type=tribe_events&#038;p=5307"},"modified":"2025-12-30T22:17:48","modified_gmt":"2025-12-30T20:17:48","slug":"weihnachtsbaum-einsammeln","status":"publish","type":"tribe_events","link":"https:\/\/www.ffw-lauenstein.de\/?tribe_events=weihnachtsbaum-einsammeln","title":{"rendered":"Weihnachtsbaum einsammeln"},"content":{"rendered":"<p>Die Kinder- und Jugendfeuerwehr Lauenstein sammeln gemeinsam mit der Einsatzabteilung die Tannenb\u00e4ume in Lauenstein und der Stockbreite ein.<\/p>\n<p>Bitte stellt den Tannenbaum, ungeschm\u00fcckt, an den Stra\u00dfenrand.<\/p>\n<p>\u00dcber eine Spende am Tannenbaum w\u00fcrde sich die Kinder- und Jugendfeuerwehr freuen.<\/p>\n<p><a href=\"https:\/\/www.ffw-lauenstein.de\/?attachment_id=5321\" rel=\"attachment wp-att-5321\"><img loading=\"lazy\" decoding=\"async\" class=\"alignnone size-full wp-image-5321\" src=\"https:\/\/www.ffw-lauenstein.de\/wp-content\/uploads\/2025\/12\/Feuerwehr-Tannenbaumaktion.png\" alt=\"\" width=\"372\" height=\"672\"><\/a><\/p>\n","protected":false},"excerpt":{"rendered":"<p>Die Kinder- und Jugendfeuerwehr Lauenstein sammeln gemeinsam mit der Einsatzabteilung die Tannenb\u00e4ume in Lauenstein und der Stockbreite ein. Bitte stellt den Tannenbaum, ungeschm\u00fcckt, an den Stra\u00dfenrand. \u00dcber eine Spende am &hellip; <a href=\"https:\/\/www.ffw-lauenstein.de\/?tribe_events=weihnachtsbaum-einsammeln\" class=\"more-link\"><span class=\"screen-reader-text\">\u201eWeihnachtsbaum einsammeln\u201c <\/span>weiterlesen<\/a><\/p>\n","protected":false},"author":4,"featured_media":0,"template":"","meta":{"ngg_post_thumbnail":0,"_tribe_events_status":"","_tribe_events_status_reason":"","footnotes":""},"tags":[],"tribe_events_cat":[19],"class_list":["post-5307","tribe_events","type-tribe_events","status-publish","hentry","tribe_events_cat-veranstaltungen","cat_veranstaltungen"],"_links":{"self":[{"href":"https:\/\/www.ffw-lauenstein.de\/index.php?rest_route=\/wp\/v2\/tribe_events\/5307","targetHints":{"allow":["GET"]}}],"collection":[{"href":"https:\/\/www.ffw-lauenstein.de\/index.php?rest_route=\/wp\/v2\/tribe_events"}],"about":[{"href":"https:\/\/www.ffw-lauenstein.de\/index.php?rest_route=\/wp\/v2\/types\/tribe_events"}],"author":[{"embeddable":true,"href":"https:\/\/www.ffw-lauenstein.de\/index.php?rest_route=\/wp\/v2\/users\/4"}],"version-history":[{"count":2,"href":"https:\/\/www.ffw-lauenstein.de\/index.php?rest_route=\/wp\/v2\/tribe_events\/5307\/revisions"}],"predecessor-version":[{"id":5323,"href":"https:\/\/www.ffw-lauenstein.de\/index.php?rest_route=\/wp\/v2\/tribe_events\/5307\/revisions\/5323"}],"wp:attachment":[{"href":"https:\/\/www.ffw-lauenstein.de\/index.php?rest_route=%2Fwp%2Fv2%2Fmedia&parent=5307"}],"wp:term":[{"taxonomy":"post_tag","embeddable":true,"href":"https:\/\/www.ffw-lauenstein.de\/index.php?rest_route=%2Fwp%2Fv2%2Ftags&post=5307"},{"taxonomy":"tribe_events_cat","embeddable":true,"href":"https:\/\/www.ffw-lauenstein.de\/index.php?rest_route=%2Fwp%2Fv2%2Ftribe_events_cat&post=5307"}],"curies":[{"name":"wp","href":"https:\/\/api.w.org\/{rel}","templated":true}]}}

<p>Die Kinder- und Jugendfeuerwehr Lauenstein sammeln gemeinsam mit der Einsatzabteilung die Tannenbäume in Lauenstein und der Stockbreite ein.</p>
<p>Bitte stellt den Tannenbaum, ungeschmückt, an den Straßenrand.</p>
<p>Über eine Spende am Tannenbaum würde sich die Kinder- und Jugendfeuerwehr freuen.</p>
<p><a href="https://www.ffw-lauenstein.de/?attachment_id=5321" rel="attachment wp-att-5321"><img loading="lazy" decoding="async" class="alignnone size-full wp-image-5321" src="https://www.ffw-lauenstein.de/wp-content/uploads/2025/12/Feuerwehr-Tannenbaumaktion.png" alt="" width="372" height="672"></a></p>

<p>Die Kinder- und Jugendfeuerwehr Lauenstein sammeln gemeinsam mit der Einsatzabteilung die Tannenbäume in Lauenstein und der Stockbreite ein. Bitte stellt den Tannenbaum, ungeschmückt, an den Straßenrand. Über eine Spende am &hellip; <a href="https://www.ffw-lauenstein.de/?tribe_events=weihnachtsbaum-einsammeln" class="more-link"><span class="screen-reader-text">„Weihnachtsbaum einsammeln“ </span>weiterlesen</a></p>
